
Calculate (3 - 2) + (-3 - -5) + -4.
-1
-7 + 0 + (4 - (4 + -6))
-1
-5 + 10 + -6 - -3 - -2
4
3 + (-1 - -3 - 0)
5
What is 4 + (6 - 5) - (0 - 1)?
6
Evaluate (0 - 2) + 30 + -25.
3
Calculate -6 - (-6 - (-7 - -4)).
-3
Evaluate 14 + -4 - (-2 + (0 - -2)).
10
Calculate 2 + -2 + -10 - (94 + -96).
-8
What is 6 + (6 - 10) + -6?
-4
Evaluate ((0 - -1) + -5 - -12) + -3.
5
Calculate -7 + 6 + (2 + -8 - -2).
-5
What is the value of -2 + 1 - (3 - 3 - -4)?
-5
Calculate 1 - 5 - (7 - (-5 - -25)).
9
What is the value of -3 - (-9 + 0 - -2)?
4
What is (6 - (-4 - -1)) + -7?
2
What is the value of (6 - (0 + 13)) + (-3 - -5)?
-5
What is (12 - 6) + -5 - 6?
-5
Calculate -1 - (1 - 2 - (-13 + 16)).
3
Evaluate 8 + -6 + -8 - (0 - 13).
7
What is the value of (8 - 6 - 6) + 8?
4
3 - -1 - ((1 - -4) + -3)
2
What is -2 + (3 - 2) + -3?
-4
What is the value of -12 + 4 + -7 + 0 - -6?
-9
What is 1 - (1 - (4 - 2))?
2
What is the value of -1 - (4 - 3 - (-2 - 0))?
-4
What is 7 - 4 - (5 + 1)?
-3
What is (-4 + 5 - 4) + (0 - 2)?
-5
-2 - (5 + 0 - 11)
4
Evaluate (1 - (-3 - 1)) + -5.
0
4 - (-9 + 6 + (5 - 6))
8
0 - (4 - -2) - -7
1
Calculate 8 + -5 + 2 - 7.
-2
What is -13 + 12 - -8 - 10?
-3
Evaluate (-3 - -5) + 1 - (0 - -7).
-4
What is -6 - (-8 - -5) - -10?
7
Evaluate (0 - (-1 + 12 + -6)) + 12.
7
Calculate -4 - (-6 + (-4 - -8)).
-2
What is 4 + (5 - 2 - 6)?
1
What is the value of -4 + (7 - (-4 + 3))?
4
9 - 10 - (0 - (5 + 0))
4
What is the value of (1 - -1) + 10 + -12 + -3?
-3
What is 12 - (11 + 0 + -3)?
4
Calculate 34 + -27 + (-7 - -1).
1
What is the value of 9 - (1 + (-5 - -6)) - 1?
6
What is (-4 - 2) + 4 + 2 + 2?
2
Evaluate -2 + (-7 - -16) + -13.
-6
What is 5 - (-8 - (-15 - -6))?
4
What is the value of -7 + (9 - (6 + -8))?
4
What is (-7 - (1 - 5)) + 5?
2
Evaluate (2 - 4) + 9 - (5 + 1).
1
Calculate 2 + 2 - 5 - -6.
5
Calculate 2 + (2 - 8) + 4 + 0.
0
What is the value of -3 + 6 + -6 + 5 + -6?
-4
(15 - (26 - 15)) + -1 + -6
-3
What is (1 - -2) + 11 + -29 + 14?
-1
-5 - ((4 - 1) + (-5 - 0))
-3
Calculate (-1 + (-1 - 0) - 0) + 4.
2
Evaluate (-5 + 4 + -1 - 0) + 2.
0
Calculate -78 - -89 - (1 + 19).
-9
Calculate -12 + 5 + -6 - -9.
-4
What is the value of 1 - (2 - (3 - -2))?
4
What is (16 - 16) + -5 + 4 + 2?
1
Calculate (-11 + 4 - -7) + -5.
-5
Calculate 2 + -6 + 2 + 6.
4
3 + 5 + (-5 - -1)
4
What is the value of -3 - -4 - (6 + -10)?
5
1 + (5 - 1) + (-2 - 0)
3
What is 3 + (-2 - (-3 - 1))?
5
What is -3 + (6 - (1 + 3))?
-1
What is the value of (-1 - (2 + -5) - 0) + 0?
2
4 + (-8 - -4) - 0
0
Calculate 2 + 0 + -5 + 4 + -1.
0
0 + -2 + 8 + 3 + -4
5
What is the value of (-1 - -5) + -7 + -3 - 2?
-8
-4 - -2 - (-8 - -1)
5
Evaluate (5 - 10) + 1 + 4.
0
Evaluate -9 + 0 + 5 + 4.
0
Calculate -12 - (-18 - -11 - 7).
2
What is 1 - 1 - 3 - -2?
-1
(3 - 6) + (0 + -3 - -1)
-5
(-1 - -10) + (-1 - 16)
-8
Calculate -6 - (9 + -24 + 10).
-1
Evaluate 5 - ((-3 - -4) + 3).
1
-2 + -2 - (-5 - 1)
2
3 + (0 - 1) + -2 + 3
3
-6 + 6 + -2 + 3 + 5
6
Evaluate -3 - 1 - -4 - 4.
-4
Evaluate -2 - (-3 + 1) - 4.
-4
Calculate (-9 - 0) + (3 - 0).
-6
Calculate 5 + -3 + 4 + -11.
-5
What is -3 + 5 + -7 - -5?
0
What is the value of 4 - (0 + -6 - -9)?
1
Evaluate (0 - 3) + (2 - -3).
2
-6 + 1 + 17 + -6
6
Evaluate (6 - 9) + -3 + 14.
8
What is the value of (-26 - -32) + (0 - 6) - 0?
0
-11 + 5 + 4 + (0 - 0)
-2
Calculate -2 + (-3 + 5 - -8).
8
What is (-6 - -10) + 1 - 12?
-7
-5 + 7 - (-1 - -3 - 0)
0
Calculate (-3 - (4 + -9)) + 2 + -5.
-1
What is (-1 - -8) + (-9 - -4) + 3?
5
Evaluate -1 + -1 + (12 - 7) + -1.
2
Evaluate (-2 - 1) + 7 + 7 + -6.
5
Evaluate (12 - 25) + 14 + (1 - -4).
6
Calculate 4 - (-12 + 2) - 13.
1
What is the value of -3 + (-11 - -4) + 18?
8
Calculate 6 + -3 + 4 + (-8 - -8).
7
2 - ((2 - 6) + 4 - -3)
-1
What is the value of (-2 + 5 - -3) + -1 + -2?
3
8 + (4 - 11 - 0)
1
Evaluate 0 + 3 + -5 + 10 - 0.
8
(31 - 23) + (-9 - 1 - -2)
0
Evaluate 13 - 11 - (5 + 6 + -3).
-6
What is the value of (-5 - -4) + -4 + 5 - 4?
-4
What is the value of 2 + (0 - -1) + 29 + -37?
-5
What is 10 + (-13 - -7) + (1 - 8)?
-3
(-2 - (-4 + -2)) + -6 + 2
0
(5 - 1) + (-3 - -3 - -1)
5
What is 0 - (1 - (0 + -1 - 4))?
-6
What is 33 + -25 + (-1 - 5)?
2
Evaluate (3 - (7 - -1)) + 7 + -6.
-4
What is the value of (16 - -3) + -4 + -6?
9
Calculate -9 - -1 - (-3 - 4).
-1
Calculate -13 + 2 + 5 + 1.
-5
What is the value of 7 - (2 + 2 + 8)?
-5
Evaluate -7 - (0 + -11 + 8).
-4
Evaluate -10 + (-9 - -4 - -15).
0
(-8 - (2 + -6)) + 0
-4
1 + 5 + (-10 - (6 + -9))
-1
5 - (4 - (4 - 0))
5
What is the value of (-2 - -6) + -3 - (-1 - 0)?
2
What is the value of (-3 - (-1 - -1)) + (-179 - -184)?
2
Calculate -4 - (-3 + 1) - (-4 + 0).
2
What is the value of (1 - -12) + 3 - (-32 + 40)?
8
What is 0 + (-2 - (-1 - -3 - 1))?
-3
Calculate (9 - 13) + (4 - -2).
2
Calculate -4 - -5 - (-41 + 47).
-5
What is the value of (8 - (-3 - -5)) + -5 + 5?
6
Evaluate -7 + (12 - (2 + 7)).
-4
What is the value of -7 - -6 - (3 - 2)?
-2
What is the value of 6 - (2 + 6 - 8)?
6
What is the value of (-1 - -3) + 3 - (6 + 4)?
-5
What is 4 - (7 - (-1 - (4 - 4)))?
-4
Evaluate (16 + -5 - 4) + -12.
-5
What is the value of -1 + -4 + (6 + -1 - 2)?
-2
Evaluate -11 - (-3 - 4 - 2).
-2
Evaluate 0 + 7 + (-22 - -7 - -8).
0
Evaluate (6 - (0 + 5)) + (1 - 6).
-4
What is the value of (89 - 87) + (4 - 1 - -1)?
6
-3 + 5 + -3 + 3
2
What is the value of -3 + (10 - (0 - -7))?
0
Calculate (3 - 3) + 8 + -5 - 0.
3
What is 3 - (18 - (-2 + 11))?
-6
What is the value of (-58 - -70) + (-3 - 12)?
-3
Calculate -4 + 3 + (2 - -1).
2
What is the value of (4 - 9) + 5 + 3?
3
Evaluate (-8 - -6) + 10 + -2.
6
Calculate (8 - 14) + (3 - -6).
3
What is 1 - 6 - (9 + -12)?
-2
What is 33 + -30 + (-11 - 0)?
-8
What is 0 + (11 - (4 + 4))?
3
What is the value of -4 - -5 - (17 - 9)?
-7
6 + (5 - 5) - 4 - 3
-1
Evaluate (-13 - -4) + (3 - 4).
-10
Evaluate -4 + -2 + 8 + 3 + -6.
-1
Evaluate 3 - (-2 + 8 + -11 + 12).
-4
What is the value of 8 - (-36 - -39 - (2 + -6))?
1
What is 2 + (2 - 2) + -9?
-7
Calculate -10 + 12 - (-2 + 9).
-5
What is -8 + -2 + 4 + 11?
5
What is (-6 + 2 - -4) + (2 - 0)?
2
What is 4 - (-2 + -1) - (0 + 1)?
6
Calculate -7 + (-7 - (-4 - 17)).
7
Calculate 8 + (1 - -3 - 10).
2
Calculate 141 - 131 - (6 + -1).
5
Calculate 5 + -8 + 11 + 1.
9
Calculate -1 - (-17 - -12 - -12).
-8
Calculate 12 + 3 + -18 - -11.
8
What is (1 - 2 - 2) + -2?
-5
11 - 0 - (-11 + 17)
5
What is the value of -34 - -40 - (6 - 2)?
2
Calculate 4 + 1 + -5 - (-2 + 6).
-4
What is the value of (-5 - -9) + -5 + -2 + 1?
-2
Evaluate 0 - ((-1 - 1) + 24 + -30).
8
Evaluate (3 - -1) + (-8 - 1 - -6).
1
Calculate (23 - (-5 - -12)) + (-9 - -2).
9
Evaluate -10 - (-4 + (3 - 14)).
5
Evaluate (1 - 4) + (2 - -2) + -6.
-5
Evaluate -3 + 4 + -2 - (23 + -17).
-7
Calculate 1 - 6 - (-9 + 5).
-1
Calculate -2 - (1 + 5) - -4.
-4
What is the value of (-1 - (7 - 12)) + -7?
-3
What is 4 + 1 + -4 + 2?
3
What is the value of (1 - 2) + 3 - (-3 + 0)?
5
4 - (4 - (0 - -3))
3
Evaluate 1 + (-6 - -8 - 4) + -8.
-9
What is -6 - (-7 + 1 + (3 - 1))?
-2
Calculate 3 - (4 - 1 - -5).
-5
What is the value of -12 + -5 + 10 + 4?
-3
What is (4 - (-4 - -4)) + -5?
-1
What is the value of (-2 - -3 - -5) + -5?
1
Calculate (-5 - (-3 - -6)) + 14.
6
-57 + 52 + -2 + 4 + -1
-4
What is the value of 5 + -1 + (6 + -27 - -19)?
2
What is -2 + -1 - (-85 + 89)?
-7
(5 - (-3 - -4)) + -1 + 1
4
Calculate (-10 - (-10 - -5)) + (-7 - -11).
-1
(-1 - -1) + 2 + -390 + 387
-1
What is the value of -4 + -1 + 1 - (-1 + 2)?
-5
What is -5 - (-5 - -7) - (2 + -1)?
-8
Evaluate 8 - (-9 - -17) - (5 + -1).
-4
2 + -7 + 10 + -5
0
Evaluate -11 - -3 - -7 - -2.
1
4 + -2 + -4 - -5
3
Evaluate -8 + (-4 - ((-6 - 1) + -11)).
6
Evaluate -2 - (-2 + 7 + (5 - 9)).
-3
(-7 - 0) + (4 - -5 - -2)
4
Calculate -2 - 3 - (1 - 1).
-5
Calculate 1 - 3 - (0 + -7).
5
Calculate -15 - -19 - (10 + -2).
-4
What is -9 - (-4 + -14) - 10?
-1
5 + (-4 + -11 - -8) - -5
3
What is the value of 8 + -10 + 4 + -2 - -4?
4
Evaluate 1 + 0 + -3 + -1.
-3
Calculate 2 + -10 - (-168 - -171).
-11
-10 + 7 + 10 + -5
2
What is the value of -9 - (13 + -16) - (-7 + 1)?
0
What is the value of -26 + 13 + 2 + 3?
-8
Calculate -3 - ((-3 - -3) + 2).
-5
-5 + (-5 - -10) - 1 - -3
2
Calculate (-3 - -7 - -1) + -7.
-2
0 + -5 + (-4 - -12)
3
Evaluate 14 + -6 + (3 - 17).
-6
Calculate -6 + 0 + (11 - (0 - -8)).
-3
0 - 0 - (11 + (3 - 10))
-4
Calculate 5 + 0 + (-10 + 6 - -1).
2
Evaluat